{"id":14477,"date":"2025-03-27T21:33:11","date_gmt":"2025-03-28T00:33:11","guid":{"rendered":"https:\/\/www.facc10.org.br\/?page_id=14477"},"modified":"2025-04-02T16:37:06","modified_gmt":"2025-04-02T19:37:06","slug":"formulario-anonimo-para-ouvidoria","status":"publish","type":"page","link":"https:\/\/www.facc10.org.br\/?page_id=14477","title":{"rendered":"Formul\u00e1rio An\u00f4nimo para Ouvidoria"},"content":{"rendered":"<p style=\"color:navy;\">Por este formul\u00e1rio voc\u00ea pode enviar  uma mensagem para a Ouvidoria independente da FACC, de modo an\u00f4nimo.<br>\r\nNenhuma informa\u00e7\u00e3o ser\u00e1 armazenada para identificar a origem da mensagem.<\/p>\r\n<div class=\"wpforms-container wpforms-container-full\" id=\"wpforms-14472\"><form id=\"wpforms-form-14472\" class=\"wpforms-validate wpforms-form wpforms-ajax-form\" data-formid=\"14472\" method=\"post\" enctype=\"multipart\/form-data\" action=\"\/index.php?rest_route=%2Fwp%2Fv2%2Fpages%2F14477\" data-token=\"4cfa9c5d7beada76e82daaeb126ec539\" data-token-time=\"1777624377\"><noscript class=\"wpforms-error-noscript\">Ative o JavaScript no seu navegador para preencher este formul\u00e1rio.<\/noscript><div class=\"wpforms-field-container\"><div id=\"wpforms-14472-field_1-container\" class=\"wpforms-field wpforms-field-text\" data-field-id=\"1\"><label class=\"wpforms-field-label\" for=\"wpforms-14472-field_1\">Assunto <span class=\"wpforms-required-label\">*<\/span><\/label><input type=\"text\" id=\"wpforms-14472-field_1\" class=\"wpforms-field-medium wpforms-field-required wpforms-limit-characters-enabled\" data-form-id=\"14472\" data-field-id=\"1\" data-text-limit=\"50\" name=\"wpforms[fields][1]\" maxlength=\"50\" required><\/div>\t\t<div id=\"wpforms-14472-field_3-container\"\n\t\t\tclass=\"wpforms-field wpforms-field-text\"\n\t\t\tdata-field-type=\"text\"\n\t\t\tdata-field-id=\"3\"\n\t\t\t>\n\t\t\t<label class=\"wpforms-field-label\" for=\"wpforms-14472-field_3\" >Mensagem Assunto<\/label>\n\t\t\t<input type=\"text\" id=\"wpforms-14472-field_3\" class=\"wpforms-field-medium\" name=\"wpforms[fields][3]\" >\n\t\t<\/div>\n\t\t<div id=\"wpforms-14472-field_2-container\" class=\"wpforms-field wpforms-field-textarea\" data-field-id=\"2\"><label class=\"wpforms-field-label\" for=\"wpforms-14472-field_2\">Mensagem <span class=\"wpforms-required-label\">*<\/span><\/label><textarea id=\"wpforms-14472-field_2\" class=\"wpforms-field-large wpforms-field-required wpforms-limit-characters-enabled\" data-form-id=\"14472\" data-field-id=\"2\" data-text-limit=\"2000\" name=\"wpforms[fields][2]\" maxlength=\"2000\" required><\/textarea><\/div><script>\n\t\t\t\t( function() {\n\t\t\t\t\tconst style = document.createElement( 'style' );\n\t\t\t\t\tstyle.appendChild( document.createTextNode( '#wpforms-14472-field_3-container { position: absolute !important; overflow: hidden !important; display: inline !important; height: 1px !important; width: 1px !important; z-index: -1000 !important; padding: 0 !important; } #wpforms-14472-field_3-container input { visibility: hidden; } #wpforms-conversational-form-page #wpforms-14472-field_3-container label { counter-increment: none; }' ) );\n\t\t\t\t\tdocument.head.appendChild( style );\n\t\t\t\t\tdocument.currentScript?.remove();\n\t\t\t\t} )();\n\t\t\t<\/script><\/div><!-- .wpforms-field-container --><div class=\"wpforms-recaptcha-container wpforms-is-recaptcha wpforms-is-recaptcha-type-v2\" ><div class=\"g-recaptcha\" data-sitekey=\"6LdCiQIrAAAAALEphWBQze2PXo4QBczLkzTeIcKQ\"><\/div><input type=\"text\" name=\"g-recaptcha-hidden\" class=\"wpforms-recaptcha-hidden\" style=\"position:absolute!important;clip:rect(0,0,0,0)!important;height:1px!important;width:1px!important;border:0!important;overflow:hidden!important;padding:0!important;margin:0!important;\" data-rule-recaptcha=\"1\"><\/div><div class=\"wpforms-submit-container\" ><input type=\"hidden\" name=\"wpforms[id]\" value=\"14472\"><input type=\"hidden\" name=\"page_title\" value=\"\"><input type=\"hidden\" name=\"page_url\" value=\"https:\/\/www.facc10.org.br\/index.php?rest_route=\/wp\/v2\/pages\/14477\"><input type=\"hidden\" name=\"url_referer\" value=\"\"><button type=\"submit\" name=\"wpforms[submit]\" id=\"wpforms-submit-14472\" class=\"wpforms-submit\" data-alt-text=\"Enviando\u2026\" data-submit-text=\"Enviar\" aria-live=\"assertive\" value=\"wpforms-submit\">Enviar<\/button><img decoding=\"async\" src=\"https:\/\/www.facc10.org.br\/wp-content\/plugins\/wpforms\/assets\/images\/submit-spin.svg\" class=\"wpforms-submit-spinner\" style=\"display: none;\" width=\"26\" height=\"26\" alt=\"Carregando\"><\/div><\/form><\/div>  <!-- .wpforms-container -->\r\n","protected":false},"excerpt":{"rendered":"Por este formul\u00e1rio voc\u00ea pode enviar uma mensagem para a Ouvidoria independente da FACC, de modo an\u00f4nimo. Nenhuma informa\u00e7\u00e3o ser\u00e1 armazenada para [&hellip;]","protected":false},"author":1,"featured_media":0,"parent":0,"menu_order":0,"comment_status":"closed","ping_status":"closed","template":"page-templates\/page_fullwidth.php","meta":{"footnotes":"","_wp_rev_ctl_limit":""},"class_list":["post-14477","page","type-page","status-publish","hentry","no-wpautop"],"_links":{"self":[{"href":"https:\/\/www.facc10.org.br\/index.php?rest_route=\/wp\/v2\/pages\/14477","targetHints":{"allow":["GET"]}}],"collection":[{"href":"https:\/\/www.facc10.org.br\/index.php?rest_route=\/wp\/v2\/pages"}],"about":[{"href":"https:\/\/www.facc10.org.br\/index.php?rest_route=\/wp\/v2\/types\/page"}],"author":[{"embeddable":true,"href":"https:\/\/www.facc10.org.br\/index.php?rest_route=\/wp\/v2\/users\/1"}],"replies":[{"embeddable":true,"href":"https:\/\/www.facc10.org.br\/index.php?rest_route=%2Fwp%2Fv2%2Fcomments&post=14477"}],"version-history":[{"count":5,"href":"https:\/\/www.facc10.org.br\/index.php?rest_route=\/wp\/v2\/pages\/14477\/revisions"}],"predecessor-version":[{"id":14532,"href":"https:\/\/www.facc10.org.br\/index.php?rest_route=\/wp\/v2\/pages\/14477\/revisions\/14532"}],"wp:attachment":[{"href":"https:\/\/www.facc10.org.br\/index.php?rest_route=%2Fwp%2Fv2%2Fmedia&parent=14477"}],"curies":[{"name":"wp","href":"https:\/\/api.w.org\/{rel}","templated":true}]}}